{"id":5570,"date":"2021-07-19T09:38:51","date_gmt":"2021-07-19T09:38:51","guid":{"rendered":"https:\/\/ucie.ific.uv.es\/ucie\/?post_type=tribe_events&#038;p=5570"},"modified":"2021-07-19T09:38:51","modified_gmt":"2021-07-19T09:38:51","slug":"jornada-informativa-comunitat-valenciana-life-2021-networking-online","status":"publish","type":"tribe_events","link":"https:\/\/ucie.ific.uv.es\/ucie\/evento\/jornada-informativa-comunitat-valenciana-life-2021-networking-online\/","title":{"rendered":"JORNADA INFORMATIVA COMUNITAT VALENCIANA LIFE 2021 + NETWORKING ONLINE"},"content":{"rendered":"<p>El Programa LIFE es el \u00fanico instrumento financiero de la Uni\u00f3n Europea dedicado espec\u00edficamente al medio ambiente y la acci\u00f3n por el clima. Su objetivo general se basa en catalizar los cambios en el desarrollo y la aplicaci\u00f3n de pol\u00edticas, aportando soluciones y pr\u00e1cticas para los retos medioambientales y clim\u00e1ticos, y promocionando tecnolog\u00edas innovadoras.<\/p>\n<p>Recientemente se ha aprobado el Reglamento LIFE 2021-2027 en el que se establece un presupuesto global para dicho periodo de 5.432.000.000 euros. Y la convocatoria 2021 se publicar\u00e1 en los pr\u00f3ximos d\u00edas.<\/p>\n<p>El nuevo Programa LIFE abarcar\u00e1 cuatro \u00e1mbitos: naturaleza y diversidad, econom\u00eda circular y calidad de vida, mitigaci\u00f3n y adaptaci\u00f3n al cambio clim\u00e1tico y transici\u00f3n a la energ\u00eda limpia.<\/p>\n<p>La comunicaci\u00f3n de los resultados de dichos proyectos es fundamental para que empresas y organizaciones conozcan las novedades en cuanto a tecnolog\u00edas, materiales y procesos relacionadas con el medio ambiente, y poder aprovecharlos.<\/p>\n<p>REDIT y C\u00e1mara Valencia organizan esta jornada donde el Punto de Contacto Nacional del Ministerio para la Transici\u00f3n Ecol\u00f3gica y el Reto Demogr\u00e1fico presentar\u00e1 la nueva convocatoria 2021 y los participantes en convocatorias anteriores, resultados destacados de sus proyectos LIFE.<\/p>\n<p>La jornada est\u00e1 dirigida a empresas, organismos p\u00fablicos y privados que quieran presentar propuestas y participar en proyectos susceptibles de recibir apoyo financiero del programa.<\/p>\n","protected":false},"excerpt":{"rendered":"<p>El Programa LIFE es el \u00fanico instrumento financiero de la Uni\u00f3n Europea dedicado espec\u00edficamente al medio ambiente y la acci\u00f3n por el clima. Su objetivo general se basa en catalizar [&hellip;]<\/p>\n","protected":false},"author":4,"featured_media":5571,"comment_status":"closed","ping_status":"closed","template":"","meta":{"_monsterinsights_skip_tracking":false,"_monsterinsights_sitenote_active":false,"_monsterinsights_sitenote_note":"","_monsterinsights_sitenote_category":0,"_tribe_events_status":"","_tribe_events_status_reason":""},"tags":[],"tribe_events_cat":[32,23],"acf":[],"_links":{"self":[{"href":"https:\/\/ucie.ific.uv.es\/ucie\/wp-json\/wp\/v2\/tribe_events\/5570"}],"collection":[{"href":"https:\/\/ucie.ific.uv.es\/ucie\/wp-json\/wp\/v2\/tribe_events"}],"about":[{"href":"https:\/\/ucie.ific.uv.es\/ucie\/wp-json\/wp\/v2\/types\/tribe_events"}],"author":[{"embeddable":true,"href":"https:\/\/ucie.ific.uv.es\/ucie\/wp-json\/wp\/v2\/users\/4"}],"replies":[{"embeddable":true,"href":"https:\/\/ucie.ific.uv.es\/ucie\/wp-json\/wp\/v2\/comments?post=5570"}],"version-history":[{"count":1,"href":"https:\/\/ucie.ific.uv.es\/ucie\/wp-json\/wp\/v2\/tribe_events\/5570\/revisions"}],"predecessor-version":[{"id":5572,"href":"https:\/\/ucie.ific.uv.es\/ucie\/wp-json\/wp\/v2\/tribe_events\/5570\/revisions\/5572"}],"wp:featuredmedia":[{"embeddable":true,"href":"https:\/\/ucie.ific.uv.es\/ucie\/wp-json\/wp\/v2\/media\/5571"}],"wp:attachment":[{"href":"https:\/\/ucie.ific.uv.es\/ucie\/wp-json\/wp\/v2\/media?parent=5570"}],"wp:term":[{"taxonomy":"post_tag","embeddable":true,"href":"https:\/\/ucie.ific.uv.es\/ucie\/wp-json\/wp\/v2\/tags?post=5570"},{"taxonomy":"tribe_events_cat","embeddable":true,"href":"https:\/\/ucie.ific.uv.es\/ucie\/wp-json\/wp\/v2\/tribe_events_cat?post=5570"}],"curies":[{"name":"wp","href":"https:\/\/api.w.org\/{rel}","templated":true}]}}

<p>El Programa LIFE es el único instrumento financiero de la Unión Europea dedicado específicamente al medio ambiente y la acción por el clima. Su objetivo general se basa en catalizar los cambios en el desarrollo y la aplicación de políticas, aportando soluciones y prácticas para los retos medioambientales y climáticos, y promocionando tecnologías innovadoras.</p>
<p>Recientemente se ha aprobado el Reglamento LIFE 2021-2027 en el que se establece un presupuesto global para dicho periodo de 5.432.000.000 euros. Y la convocatoria 2021 se publicará en los próximos días.</p>
<p>El nuevo Programa LIFE abarcará cuatro ámbitos: naturaleza y diversidad, economía circular y calidad de vida, mitigación y adaptación al cambio climático y transición a la energía limpia.</p>
<p>La comunicación de los resultados de dichos proyectos es fundamental para que empresas y organizaciones conozcan las novedades en cuanto a tecnologías, materiales y procesos relacionadas con el medio ambiente, y poder aprovecharlos.</p>
<p>REDIT y Cámara Valencia organizan esta jornada donde el Punto de Contacto Nacional del Ministerio para la Transición Ecológica y el Reto Demográfico presentará la nueva convocatoria 2021 y los participantes en convocatorias anteriores, resultados destacados de sus proyectos LIFE.</p>
<p>La jornada está dirigida a empresas, organismos públicos y privados que quieran presentar propuestas y participar en proyectos susceptibles de recibir apoyo financiero del programa.</p>

<p>El Programa LIFE es el único instrumento financiero de la Unión Europea dedicado específicamente al medio ambiente y la acción por el clima. Su objetivo general se basa en catalizar [&hellip;]</p>
