{"id":5575,"date":"2021-07-19T09:42:54","date_gmt":"2021-07-19T09:42:54","guid":{"rendered":"https:\/\/ucie.ific.uv.es\/ucie\/?post_type=tribe_events&#038;p=5575"},"modified":"2021-07-19T09:45:13","modified_gmt":"2021-07-19T09:45:13","slug":"jornada-informativa-virtual-convocatoria-life-2021","status":"publish","type":"tribe_events","link":"https:\/\/ucie.ific.uv.es\/ucie\/evento\/jornada-informativa-virtual-convocatoria-life-2021\/","title":{"rendered":"Jornada Informativa Virtual Convocatoria LIFE 2021"},"content":{"rendered":"<p>El <strong>27 de julio\u00a0<\/strong>se celebrar\u00e1\u00a0 la jornada informativa sobre el nuevo Programa LIFE 2021-2027 y sobre la Convocatoria 2021 del programa LIFE. Debido a la alerta sanitaria por el COVID-19, este a\u00f1o se mantiene la modalidad virtual.<\/p>\n<div>\n<p>La jornada\u00a0est\u00e1 organizada por el Ministerio para la Transici\u00f3n Ecol\u00f3gica y el Reto Demogr\u00e1fico,\u00a0con la colaboraci\u00f3n\u00a0de la Agencia Ejecutiva Europea de Clima, Infraestructura y Medio Ambiente (CINEA) de la Comisi\u00f3n Europea.<\/p>\n<\/div>\n","protected":false},"excerpt":{"rendered":"<p>El 27 de julio\u00a0se celebrar\u00e1\u00a0 la jornada informativa sobre el nuevo Programa LIFE 2021-2027 y sobre la Convocatoria 2021 del programa LIFE. Debido a la alerta sanitaria por el COVID-19, [&hellip;]<\/p>\n","protected":false},"author":4,"featured_media":5571,"comment_status":"closed","ping_status":"closed","template":"","meta":{"_monsterinsights_skip_tracking":false,"_monsterinsights_sitenote_active":false,"_monsterinsights_sitenote_note":"","_monsterinsights_sitenote_category":0,"_tribe_events_status":"","_tribe_events_status_reason":""},"tags":[],"tribe_events_cat":[23],"acf":[],"_links":{"self":[{"href":"https:\/\/ucie.ific.uv.es\/ucie\/wp-json\/wp\/v2\/tribe_events\/5575"}],"collection":[{"href":"https:\/\/ucie.ific.uv.es\/ucie\/wp-json\/wp\/v2\/tribe_events"}],"about":[{"href":"https:\/\/ucie.ific.uv.es\/ucie\/wp-json\/wp\/v2\/types\/tribe_events"}],"author":[{"embeddable":true,"href":"https:\/\/ucie.ific.uv.es\/ucie\/wp-json\/wp\/v2\/users\/4"}],"replies":[{"embeddable":true,"href":"https:\/\/ucie.ific.uv.es\/ucie\/wp-json\/wp\/v2\/comments?post=5575"}],"version-history":[{"count":1,"href":"https:\/\/ucie.ific.uv.es\/ucie\/wp-json\/wp\/v2\/tribe_events\/5575\/revisions"}],"predecessor-version":[{"id":5576,"href":"https:\/\/ucie.ific.uv.es\/ucie\/wp-json\/wp\/v2\/tribe_events\/5575\/revisions\/5576"}],"wp:featuredmedia":[{"embeddable":true,"href":"https:\/\/ucie.ific.uv.es\/ucie\/wp-json\/wp\/v2\/media\/5571"}],"wp:attachment":[{"href":"https:\/\/ucie.ific.uv.es\/ucie\/wp-json\/wp\/v2\/media?parent=5575"}],"wp:term":[{"taxonomy":"post_tag","embeddable":true,"href":"https:\/\/ucie.ific.uv.es\/ucie\/wp-json\/wp\/v2\/tags?post=5575"},{"taxonomy":"tribe_events_cat","embeddable":true,"href":"https:\/\/ucie.ific.uv.es\/ucie\/wp-json\/wp\/v2\/tribe_events_cat?post=5575"}],"curies":[{"name":"wp","href":"https:\/\/api.w.org\/{rel}","templated":true}]}}

<p>El <strong>27 de julio </strong>se celebrará  la jornada informativa sobre el nuevo Programa LIFE 2021-2027 y sobre la Convocatoria 2021 del programa LIFE. Debido a la alerta sanitaria por el COVID-19, este año se mantiene la modalidad virtual.</p>
<div>
<p>La jornada está organizada por el Ministerio para la Transición Ecológica y el Reto Demográfico, con la colaboración de la Agencia Ejecutiva Europea de Clima, Infraestructura y Medio Ambiente (CINEA) de la Comisión Europea.</p>
</div>

<p>El 27 de julio se celebrará  la jornada informativa sobre el nuevo Programa LIFE 2021-2027 y sobre la Convocatoria 2021 del programa LIFE. Debido a la alerta sanitaria por el COVID-19, [&hellip;]</p>
