{"id":5648,"date":"2021-09-16T09:11:49","date_gmt":"2021-09-16T09:11:49","guid":{"rendered":"https:\/\/ucie.ific.uv.es\/ucie\/?post_type=tribe_events&#038;p=5648"},"modified":"2021-09-16T09:11:49","modified_gmt":"2021-09-16T09:11:49","slug":"webinar-innotransfer-habitat-sostenible-casas-inteligentes","status":"publish","type":"tribe_events","link":"https:\/\/ucie.ific.uv.es\/ucie\/evento\/webinar-innotransfer-habitat-sostenible-casas-inteligentes\/","title":{"rendered":"Webinar INNOTRANSFER &#8211; H\u00e1bitat sostenible: Casas Inteligentes"},"content":{"rendered":"<p>El programa de innovaci\u00f3n abierta Innotransfer contin\u00faa con su segundo webinar del 2021 relacionado con el sector del\u00a0<strong>H\u00e1bitat Sostenible<\/strong>, donde se pretende ofrecer una visi\u00f3n actualizada sobre soluciones tecnol\u00f3gicas para una vida m\u00e1s sostenible. Los encuentros t\u00e9cnicos pretenden dar visibilidad a oportunidades de innovaci\u00f3n, detectadas por\u00a0<strong>Espaitec, Parc Cient\u00edfic i Tecnol\u00f2gic de la Universitat Jaume I<\/strong>\u00a0de Castell\u00f3.<\/p>\n<p>En el webinar profundizaremos sobre las<strong>\u00a0Casas Inteligentes<\/strong>\u00a0en el sector del h\u00e1bitat sostenible. Empresas, grupos de investigaci\u00f3n e institutos tecnol\u00f3gicos dar\u00e1n a conocer nuevos desarrollos para implantar soluciones en el campo de la tecnolog\u00eda, la habitabilidad y la sostenibilidad.<\/p>\n<p>En el webinar se pretende profundizar sobre el desarrollo e integraci\u00f3n de sistemas de sensorizaci\u00f3n, monitorizaci\u00f3n y an\u00e1lisis de gesti\u00f3n, y datos en par\u00e1metros tales como, el consumo de energ\u00eda y agua, la calidad del aire y el confort en el entorno del h\u00e1bitat sostenible. Asimismo, se busca ahondar en la mejora en la integraci\u00f3n de las demandas y necesidades cambiantes de los usuarios de edificios y viviendas. Para ello se presentar\u00e1n proyectos en innovaci\u00f3n aplicada como \u00e9xito de crecimiento empresarial. Empresas, institutos tecnol\u00f3gicos y grupos de investigaci\u00f3n dar\u00e1n a conocer nuevos desarrollos para implantar soluciones en el campo del h\u00e1bitat sostenible.<\/p>\n<p>Durante el webinar se har\u00e1 hincapi\u00e9 en el funcionamiento de la plataforma\u00a0<strong>Innotransfer H\u00e1bitat Sostenible<\/strong>, donde las empresas de la Comunitat Valenciana podr\u00e1n plantear nuevos retos concretos a los que se enfrentan en el \u00e1mbito del h\u00e1bitat sostenible y para que el personal investigador de las universidades p\u00fablicas valencianas puedan aportar soluciones a estos retos y necesidades; fomentando la cooperaci\u00f3n entre los \u00e1mbitos cient\u00edfico e industrial, facilitando el contacto y conocimiento de las partes mediante una din\u00e1mica de retos-soluci\u00f3n.<\/p>\n","protected":false},"excerpt":{"rendered":"<p>El programa de innovaci\u00f3n abierta Innotransfer contin\u00faa con su segundo webinar del 2021 relacionado con el sector del\u00a0H\u00e1bitat Sostenible, donde se pretende ofrecer una visi\u00f3n actualizada sobre soluciones tecnol\u00f3gicas para [&hellip;]<\/p>\n","protected":false},"author":4,"featured_media":5651,"comment_status":"closed","ping_status":"closed","template":"","meta":{"_monsterinsights_skip_tracking":false,"_monsterinsights_sitenote_active":false,"_monsterinsights_sitenote_note":"","_monsterinsights_sitenote_category":0,"_tribe_events_status":"","_tribe_events_status_reason":""},"tags":[],"tribe_events_cat":[14],"acf":[],"_links":{"self":[{"href":"https:\/\/ucie.ific.uv.es\/ucie\/wp-json\/wp\/v2\/tribe_events\/5648"}],"collection":[{"href":"https:\/\/ucie.ific.uv.es\/ucie\/wp-json\/wp\/v2\/tribe_events"}],"about":[{"href":"https:\/\/ucie.ific.uv.es\/ucie\/wp-json\/wp\/v2\/types\/tribe_events"}],"author":[{"embeddable":true,"href":"https:\/\/ucie.ific.uv.es\/ucie\/wp-json\/wp\/v2\/users\/4"}],"replies":[{"embeddable":true,"href":"https:\/\/ucie.ific.uv.es\/ucie\/wp-json\/wp\/v2\/comments?post=5648"}],"version-history":[{"count":1,"href":"https:\/\/ucie.ific.uv.es\/ucie\/wp-json\/wp\/v2\/tribe_events\/5648\/revisions"}],"predecessor-version":[{"id":5652,"href":"https:\/\/ucie.ific.uv.es\/ucie\/wp-json\/wp\/v2\/tribe_events\/5648\/revisions\/5652"}],"wp:featuredmedia":[{"embeddable":true,"href":"https:\/\/ucie.ific.uv.es\/ucie\/wp-json\/wp\/v2\/media\/5651"}],"wp:attachment":[{"href":"https:\/\/ucie.ific.uv.es\/ucie\/wp-json\/wp\/v2\/media?parent=5648"}],"wp:term":[{"taxonomy":"post_tag","embeddable":true,"href":"https:\/\/ucie.ific.uv.es\/ucie\/wp-json\/wp\/v2\/tags?post=5648"},{"taxonomy":"tribe_events_cat","embeddable":true,"href":"https:\/\/ucie.ific.uv.es\/ucie\/wp-json\/wp\/v2\/tribe_events_cat?post=5648"}],"curies":[{"name":"wp","href":"https:\/\/api.w.org\/{rel}","templated":true}]}}

Webinar INNOTRANSFER &#8211; Hábitat sostenible: Casas Inteligentes

<p>El programa de innovación abierta Innotransfer continúa con su segundo webinar del 2021 relacionado con el sector del <strong>Hábitat Sostenible</strong>, donde se pretende ofrecer una visión actualizada sobre soluciones tecnológicas para una vida más sostenible. Los encuentros técnicos pretenden dar visibilidad a oportunidades de innovación, detectadas por <strong>Espaitec, Parc Científic i Tecnològic de la Universitat Jaume I</strong> de Castelló.</p>
<p>En el webinar profundizaremos sobre las<strong> Casas Inteligentes</strong> en el sector del hábitat sostenible. Empresas, grupos de investigación e institutos tecnológicos darán a conocer nuevos desarrollos para implantar soluciones en el campo de la tecnología, la habitabilidad y la sostenibilidad.</p>
<p>En el webinar se pretende profundizar sobre el desarrollo e integración de sistemas de sensorización, monitorización y análisis de gestión, y datos en parámetros tales como, el consumo de energía y agua, la calidad del aire y el confort en el entorno del hábitat sostenible. Asimismo, se busca ahondar en la mejora en la integración de las demandas y necesidades cambiantes de los usuarios de edificios y viviendas. Para ello se presentarán proyectos en innovación aplicada como éxito de crecimiento empresarial. Empresas, institutos tecnológicos y grupos de investigación darán a conocer nuevos desarrollos para implantar soluciones en el campo del hábitat sostenible.</p>
<p>Durante el webinar se hará hincapié en el funcionamiento de la plataforma <strong>Innotransfer Hábitat Sostenible</strong>, donde las empresas de la Comunitat Valenciana podrán plantear nuevos retos concretos a los que se enfrentan en el ámbito del hábitat sostenible y para que el personal investigador de las universidades públicas valencianas puedan aportar soluciones a estos retos y necesidades; fomentando la cooperación entre los ámbitos científico e industrial, facilitando el contacto y conocimiento de las partes mediante una dinámica de retos-solución.</p>

<p>El programa de innovación abierta Innotransfer continúa con su segundo webinar del 2021 relacionado con el sector del Hábitat Sostenible, donde se pretende ofrecer una visión actualizada sobre soluciones tecnológicas para [&hellip;]</p>
