{"id":5660,"date":"2021-10-04T09:29:07","date_gmt":"2021-10-04T09:29:07","guid":{"rendered":"https:\/\/ucie.ific.uv.es\/ucie\/?post_type=tribe_events&#038;p=5660"},"modified":"2021-10-04T09:54:37","modified_gmt":"2021-10-04T09:54:37","slug":"talent-woman-2021","status":"publish","type":"tribe_events","link":"https:\/\/ucie.ific.uv.es\/ucie\/evento\/talent-woman-2021\/","title":{"rendered":"Talent Woman 2021"},"content":{"rendered":"<p>Dos d\u00edas de actividades en donde, a trav\u00e9s del uso de herramientas tecnol\u00f3gicas, podr\u00e1s presenciar conferencias en voz de mujeres que lideran, protagonizan y participan en las tem\u00e1ticas de: Investigaci\u00f3n, Emprendimiento, Negocios, Bienestar y desarrollo personal, y Creatividad Digital.<\/p>\n<p>Cada ponencia de Talent Woman reconoce e impulsa el talento de otras mujeres, direcciona\u0301ndolas a horizontes menos explorados o tradicionales, este 26 y 27 de noviembre con\u00e9ctate a www.talent-woman.es<\/p>\n","protected":false},"excerpt":{"rendered":"<p>Dos d\u00edas de actividades en donde, a trav\u00e9s del uso de herramientas tecnol\u00f3gicas, podr\u00e1s presenciar conferencias en voz de mujeres que lideran, protagonizan y participan en las tem\u00e1ticas de: Investigaci\u00f3n, [&hellip;]<\/p>\n","protected":false},"author":4,"featured_media":5661,"comment_status":"closed","ping_status":"closed","template":"","meta":{"_monsterinsights_skip_tracking":false,"_monsterinsights_sitenote_active":false,"_monsterinsights_sitenote_note":"","_monsterinsights_sitenote_category":0,"_tribe_events_status":"","_tribe_events_status_reason":""},"tags":[],"tribe_events_cat":[30],"acf":[],"_links":{"self":[{"href":"https:\/\/ucie.ific.uv.es\/ucie\/wp-json\/wp\/v2\/tribe_events\/5660"}],"collection":[{"href":"https:\/\/ucie.ific.uv.es\/ucie\/wp-json\/wp\/v2\/tribe_events"}],"about":[{"href":"https:\/\/ucie.ific.uv.es\/ucie\/wp-json\/wp\/v2\/types\/tribe_events"}],"author":[{"embeddable":true,"href":"https:\/\/ucie.ific.uv.es\/ucie\/wp-json\/wp\/v2\/users\/4"}],"replies":[{"embeddable":true,"href":"https:\/\/ucie.ific.uv.es\/ucie\/wp-json\/wp\/v2\/comments?post=5660"}],"version-history":[{"count":1,"href":"https:\/\/ucie.ific.uv.es\/ucie\/wp-json\/wp\/v2\/tribe_events\/5660\/revisions"}],"predecessor-version":[{"id":5662,"href":"https:\/\/ucie.ific.uv.es\/ucie\/wp-json\/wp\/v2\/tribe_events\/5660\/revisions\/5662"}],"wp:featuredmedia":[{"embeddable":true,"href":"https:\/\/ucie.ific.uv.es\/ucie\/wp-json\/wp\/v2\/media\/5661"}],"wp:attachment":[{"href":"https:\/\/ucie.ific.uv.es\/ucie\/wp-json\/wp\/v2\/media?parent=5660"}],"wp:term":[{"taxonomy":"post_tag","embeddable":true,"href":"https:\/\/ucie.ific.uv.es\/ucie\/wp-json\/wp\/v2\/tags?post=5660"},{"taxonomy":"tribe_events_cat","embeddable":true,"href":"https:\/\/ucie.ific.uv.es\/ucie\/wp-json\/wp\/v2\/tribe_events_cat?post=5660"}],"curies":[{"name":"wp","href":"https:\/\/api.w.org\/{rel}","templated":true}]}}

<p>Dos días de actividades en donde, a través del uso de herramientas tecnológicas, podrás presenciar conferencias en voz de mujeres que lideran, protagonizan y participan en las temáticas de: Investigación, Emprendimiento, Negocios, Bienestar y desarrollo personal, y Creatividad Digital.</p>
<p>Cada ponencia de Talent Woman reconoce e impulsa el talento de otras mujeres, direccionándolas a horizontes menos explorados o tradicionales, este 26 y 27 de noviembre conéctate a www.talent-woman.es</p>

<p>Dos días de actividades en donde, a través del uso de herramientas tecnológicas, podrás presenciar conferencias en voz de mujeres que lideran, protagonizan y participan en las temáticas de: Investigación, [&hellip;]</p>
