{"id":5780,"date":"2021-10-14T10:03:19","date_gmt":"2021-10-14T10:03:19","guid":{"rendered":"https:\/\/ucie.ific.uv.es\/ucie\/?post_type=tribe_events&#038;p=5780"},"modified":"2021-10-14T10:03:19","modified_gmt":"2021-10-14T10:03:19","slug":"redit-summit-2021","status":"publish","type":"tribe_events","link":"https:\/\/ucie.ific.uv.es\/ucie\/evento\/redit-summit-2021\/","title":{"rendered":"REDIT Summit 2021"},"content":{"rendered":"<p>Con voluntad de Colaboraci\u00f3n, directivos de empresa, investigadores, gestores de institutos tecnol\u00f3gicos y responsables p\u00fablicos dialogar\u00e1n acerca de la estrategia en el arranque de una d\u00e9cada clave, marcada por los fondos de recuperaci\u00f3n y que plantea en el horizonte de 2030 un nuevo modelo creaci\u00f3n de valor en la econom\u00eda y en la sociedad. Analizar\u00e1n las Oportunidades que se abren en seis grandes \u00e1reas cuyo destino est\u00e1 ligado a la tecnolog\u00eda: Cultura, Creatividad y Sociedad Inclusiva; Seguridad y Rob\u00f3tica; Digitalizaci\u00f3n e Industria; Recursos Naturales, Agricultura y Medio Ambiente; Energ\u00eda y Movilidad; y Salud Personalizada. Adem\u00e1s, REDIT SUMMIT 2021 abrir\u00e1 una ventana a Latinoam\u00e9rica para promover una conexi\u00f3n de conocimiento a escala global.<\/p>\n","protected":false},"excerpt":{"rendered":"<p>Con voluntad de Colaboraci\u00f3n, directivos de empresa, investigadores, gestores de institutos tecnol\u00f3gicos y responsables p\u00fablicos dialogar\u00e1n acerca de la estrategia en el arranque de una d\u00e9cada clave, marcada por los [&hellip;]<\/p>\n","protected":false},"author":4,"featured_media":5781,"comment_status":"closed","ping_status":"closed","template":"","meta":{"_monsterinsights_skip_tracking":false,"_monsterinsights_sitenote_active":false,"_monsterinsights_sitenote_note":"","_monsterinsights_sitenote_category":0,"_tribe_events_status":"","_tribe_events_status_reason":""},"tags":[],"tribe_events_cat":[23],"acf":[],"_links":{"self":[{"href":"https:\/\/ucie.ific.uv.es\/ucie\/wp-json\/wp\/v2\/tribe_events\/5780"}],"collection":[{"href":"https:\/\/ucie.ific.uv.es\/ucie\/wp-json\/wp\/v2\/tribe_events"}],"about":[{"href":"https:\/\/ucie.ific.uv.es\/ucie\/wp-json\/wp\/v2\/types\/tribe_events"}],"author":[{"embeddable":true,"href":"https:\/\/ucie.ific.uv.es\/ucie\/wp-json\/wp\/v2\/users\/4"}],"replies":[{"embeddable":true,"href":"https:\/\/ucie.ific.uv.es\/ucie\/wp-json\/wp\/v2\/comments?post=5780"}],"version-history":[{"count":1,"href":"https:\/\/ucie.ific.uv.es\/ucie\/wp-json\/wp\/v2\/tribe_events\/5780\/revisions"}],"predecessor-version":[{"id":5782,"href":"https:\/\/ucie.ific.uv.es\/ucie\/wp-json\/wp\/v2\/tribe_events\/5780\/revisions\/5782"}],"wp:featuredmedia":[{"embeddable":true,"href":"https:\/\/ucie.ific.uv.es\/ucie\/wp-json\/wp\/v2\/media\/5781"}],"wp:attachment":[{"href":"https:\/\/ucie.ific.uv.es\/ucie\/wp-json\/wp\/v2\/media?parent=5780"}],"wp:term":[{"taxonomy":"post_tag","embeddable":true,"href":"https:\/\/ucie.ific.uv.es\/ucie\/wp-json\/wp\/v2\/tags?post=5780"},{"taxonomy":"tribe_events_cat","embeddable":true,"href":"https:\/\/ucie.ific.uv.es\/ucie\/wp-json\/wp\/v2\/tribe_events_cat?post=5780"}],"curies":[{"name":"wp","href":"https:\/\/api.w.org\/{rel}","templated":true}]}}

<p>Con voluntad de Colaboración, directivos de empresa, investigadores, gestores de institutos tecnológicos y responsables públicos dialogarán acerca de la estrategia en el arranque de una década clave, marcada por los fondos de recuperación y que plantea en el horizonte de 2030 un nuevo modelo creación de valor en la economía y en la sociedad. Analizarán las Oportunidades que se abren en seis grandes áreas cuyo destino está ligado a la tecnología: Cultura, Creatividad y Sociedad Inclusiva; Seguridad y Robótica; Digitalización e Industria; Recursos Naturales, Agricultura y Medio Ambiente; Energía y Movilidad; y Salud Personalizada. Además, REDIT SUMMIT 2021 abrirá una ventana a Latinoamérica para promover una conexión de conocimiento a escala global.</p>

<p>Con voluntad de Colaboración, directivos de empresa, investigadores, gestores de institutos tecnológicos y responsables públicos dialogarán acerca de la estrategia en el arranque de una década clave, marcada por los [&hellip;]</p>
