{"id":8594,"date":"2024-06-05T09:11:24","date_gmt":"2024-06-05T09:11:24","guid":{"rendered":"https:\/\/ucie.ific.uv.es\/ucie\/?post_type=tribe_events&#038;p=8594"},"modified":"2024-06-05T09:11:24","modified_gmt":"2024-06-05T09:11:24","slug":"seminario-ucie-principios-y-claves-de-la-proteccion-del-software","status":"publish","type":"tribe_events","link":"https:\/\/ucie.ific.uv.es\/ucie\/evento\/seminario-ucie-principios-y-claves-de-la-proteccion-del-software\/","title":{"rendered":"Seminario UCIE: Principios y claves de la protecci\u00f3n del software"},"content":{"rendered":"<p>Seminario organizado por la UCIE del IFIC en el que se abordar\u00e1n los principios de la protecci\u00f3n del software, as\u00ed como algunos de los aspectos clave a tener en cuenta para su licencia. El seminario ser\u00e1 impartido por Luis Garc\u00eda Garc\u00eda, Licenciado en Derecho y Diplomado en Ciencias Empresariales con m\u00e1s de 25 a\u00f1os de experiencia en el asesoramiento legal a actividades innovaci\u00f3n y creaci\u00f3n de nuevos productos y servicios del GRUPO TELEF\u00d3NICA, donde ha sido responsable legal de la plataforma global del v\u00eddeo y del \u00e1rea corporativa de Compras del Grupo. En 2022 inicia una nueva etapa como consultor independiente y en la actualidad colabora como abogado en el departamento legal del \u00c1rea de Personas y Servicios de IBERDROLA S.A. Es Profesor del m\u00f3dulo de \u201cContratos de transferencia de tecnolog\u00eda\u201d del Master en Propiedad Intelectual e Industrial, Competencia y Nuevas Tecnolog\u00edas del ISDE y ha sido ponente en diversos cursos relativos a derechos de propiedad intelectual e industrial en el marco de proyectos de los programas Horizonte 2020 y Horizonte Europa.<\/p>\n<p>Participa habitualmente en cursos destinados a investigadores y personal OTRI para fomentar la transferencia de resultados de investigaci\u00f3n y colabora como formadora en diferentes programas de emprendimiento como Argos o Explorer.<\/p>\n","protected":false},"excerpt":{"rendered":"<p>Seminario organizado por la UCIE del IFIC en el que se abordar\u00e1n los principios de la protecci\u00f3n del software, as\u00ed como algunos de los aspectos clave a tener en cuenta [&hellip;]<\/p>\n","protected":false},"author":6,"featured_media":8595,"comment_status":"open","ping_status":"closed","template":"","meta":{"_monsterinsights_skip_tracking":false,"_monsterinsights_sitenote_active":false,"_monsterinsights_sitenote_note":"","_monsterinsights_sitenote_category":0,"_tribe_events_status":"","_tribe_events_status_reason":""},"tags":[],"tribe_events_cat":[234],"acf":[],"_links":{"self":[{"href":"https:\/\/ucie.ific.uv.es\/ucie\/wp-json\/wp\/v2\/tribe_events\/8594"}],"collection":[{"href":"https:\/\/ucie.ific.uv.es\/ucie\/wp-json\/wp\/v2\/tribe_events"}],"about":[{"href":"https:\/\/ucie.ific.uv.es\/ucie\/wp-json\/wp\/v2\/types\/tribe_events"}],"author":[{"embeddable":true,"href":"https:\/\/ucie.ific.uv.es\/ucie\/wp-json\/wp\/v2\/users\/6"}],"replies":[{"embeddable":true,"href":"https:\/\/ucie.ific.uv.es\/ucie\/wp-json\/wp\/v2\/comments?post=8594"}],"version-history":[{"count":1,"href":"https:\/\/ucie.ific.uv.es\/ucie\/wp-json\/wp\/v2\/tribe_events\/8594\/revisions"}],"predecessor-version":[{"id":8597,"href":"https:\/\/ucie.ific.uv.es\/ucie\/wp-json\/wp\/v2\/tribe_events\/8594\/revisions\/8597"}],"wp:featuredmedia":[{"embeddable":true,"href":"https:\/\/ucie.ific.uv.es\/ucie\/wp-json\/wp\/v2\/media\/8595"}],"wp:attachment":[{"href":"https:\/\/ucie.ific.uv.es\/ucie\/wp-json\/wp\/v2\/media?parent=8594"}],"wp:term":[{"taxonomy":"post_tag","embeddable":true,"href":"https:\/\/ucie.ific.uv.es\/ucie\/wp-json\/wp\/v2\/tags?post=8594"},{"taxonomy":"tribe_events_cat","embeddable":true,"href":"https:\/\/ucie.ific.uv.es\/ucie\/wp-json\/wp\/v2\/tribe_events_cat?post=8594"}],"curies":[{"name":"wp","href":"https:\/\/api.w.org\/{rel}","templated":true}]}}

Seminario UCIE: Principios y claves de la protección del software

<p>Seminario organizado por la UCIE del IFIC en el que se abordarán los principios de la protección del software, así como algunos de los aspectos clave a tener en cuenta para su licencia. El seminario será impartido por Luis García García, Licenciado en Derecho y Diplomado en Ciencias Empresariales con más de 25 años de experiencia en el asesoramiento legal a actividades innovación y creación de nuevos productos y servicios del GRUPO TELEFÓNICA, donde ha sido responsable legal de la plataforma global del vídeo y del área corporativa de Compras del Grupo. En 2022 inicia una nueva etapa como consultor independiente y en la actualidad colabora como abogado en el departamento legal del Área de Personas y Servicios de IBERDROLA S.A. Es Profesor del módulo de “Contratos de transferencia de tecnología” del Master en Propiedad Intelectual e Industrial, Competencia y Nuevas Tecnologías del ISDE y ha sido ponente en diversos cursos relativos a derechos de propiedad intelectual e industrial en el marco de proyectos de los programas Horizonte 2020 y Horizonte Europa.</p>
<p>Participa habitualmente en cursos destinados a investigadores y personal OTRI para fomentar la transferencia de resultados de investigación y colabora como formadora en diferentes programas de emprendimiento como Argos o Explorer.</p>

<p>Seminario organizado por la UCIE del IFIC en el que se abordarán los principios de la protección del software, así como algunos de los aspectos clave a tener en cuenta [&hellip;]</p>
