{"id":8600,"date":"2024-06-11T07:51:19","date_gmt":"2024-06-11T07:51:19","guid":{"rendered":"https:\/\/ucie.ific.uv.es\/ucie\/?post_type=tribe_events&#038;p=8600"},"modified":"2024-06-11T07:51:19","modified_gmt":"2024-06-11T07:51:19","slug":"digital-mindset-impulsa-tu-competitividad-con-la-inteligencia-artificial","status":"publish","type":"tribe_events","link":"https:\/\/ucie.ific.uv.es\/ucie\/evento\/digital-mindset-impulsa-tu-competitividad-con-la-inteligencia-artificial\/","title":{"rendered":"DIGITAL MINDSET: IMPULSA TU COMPETITIVIDAD CON LA INTELIGENCIA ARTIFICIAL"},"content":{"rendered":"<p>La digitalizaci\u00f3n ha transformado los modelos de negocio de las empresas, facilitando oportunidades\u00a0 de acceso a nuevos mercados. La competitividad y el crecimiento empresarial vienen marcados por la\u00a0 transformaci\u00f3n digital.<\/p>\n<p>El objetivo de este taller, con aforo limitado, es llegar a obtener un diagn\u00f3stico de madurez digital con el fin de identificar las carencias y puntos de mejora para ser m\u00e1s competitivo en un mundo global.<\/p>\n<p>Adem\u00e1s, se presentar\u00e1n recomendaciones sobre c\u00f3mo aplicar la Inteligencia Artificial para Pymes y se presentar\u00e1n oportunidades de financiaci\u00f3n con el que poder iniciar un plan de acci\u00f3n digital.<\/p>\n","protected":false},"excerpt":{"rendered":"<p>La digitalizaci\u00f3n ha transformado los modelos de negocio de las empresas, facilitando oportunidades\u00a0 de acceso a nuevos mercados. La competitividad y el crecimiento empresarial vienen marcados por la\u00a0 transformaci\u00f3n digital. [&hellip;]<\/p>\n","protected":false},"author":6,"featured_media":8601,"comment_status":"open","ping_status":"closed","template":"","meta":{"_monsterinsights_skip_tracking":false,"_monsterinsights_sitenote_active":false,"_monsterinsights_sitenote_note":"","_monsterinsights_sitenote_category":0,"_tribe_events_status":"","_tribe_events_status_reason":""},"tags":[],"tribe_events_cat":[31],"acf":[],"_links":{"self":[{"href":"https:\/\/ucie.ific.uv.es\/ucie\/wp-json\/wp\/v2\/tribe_events\/8600"}],"collection":[{"href":"https:\/\/ucie.ific.uv.es\/ucie\/wp-json\/wp\/v2\/tribe_events"}],"about":[{"href":"https:\/\/ucie.ific.uv.es\/ucie\/wp-json\/wp\/v2\/types\/tribe_events"}],"author":[{"embeddable":true,"href":"https:\/\/ucie.ific.uv.es\/ucie\/wp-json\/wp\/v2\/users\/6"}],"replies":[{"embeddable":true,"href":"https:\/\/ucie.ific.uv.es\/ucie\/wp-json\/wp\/v2\/comments?post=8600"}],"version-history":[{"count":1,"href":"https:\/\/ucie.ific.uv.es\/ucie\/wp-json\/wp\/v2\/tribe_events\/8600\/revisions"}],"predecessor-version":[{"id":8603,"href":"https:\/\/ucie.ific.uv.es\/ucie\/wp-json\/wp\/v2\/tribe_events\/8600\/revisions\/8603"}],"wp:featuredmedia":[{"embeddable":true,"href":"https:\/\/ucie.ific.uv.es\/ucie\/wp-json\/wp\/v2\/media\/8601"}],"wp:attachment":[{"href":"https:\/\/ucie.ific.uv.es\/ucie\/wp-json\/wp\/v2\/media?parent=8600"}],"wp:term":[{"taxonomy":"post_tag","embeddable":true,"href":"https:\/\/ucie.ific.uv.es\/ucie\/wp-json\/wp\/v2\/tags?post=8600"},{"taxonomy":"tribe_events_cat","embeddable":true,"href":"https:\/\/ucie.ific.uv.es\/ucie\/wp-json\/wp\/v2\/tribe_events_cat?post=8600"}],"curies":[{"name":"wp","href":"https:\/\/api.w.org\/{rel}","templated":true}]}}

<p>La digitalización ha transformado los modelos de negocio de las empresas, facilitando oportunidades  de acceso a nuevos mercados. La competitividad y el crecimiento empresarial vienen marcados por la  transformación digital.</p>
<p>El objetivo de este taller, con aforo limitado, es llegar a obtener un diagnóstico de madurez digital con el fin de identificar las carencias y puntos de mejora para ser más competitivo en un mundo global.</p>
<p>Además, se presentarán recomendaciones sobre cómo aplicar la Inteligencia Artificial para Pymes y se presentarán oportunidades de financiación con el que poder iniciar un plan de acción digital.</p>

<p>La digitalización ha transformado los modelos de negocio de las empresas, facilitando oportunidades  de acceso a nuevos mercados. La competitividad y el crecimiento empresarial vienen marcados por la  transformación digital. [&hellip;]</p>
