{"id":8606,"date":"2024-07-04T08:23:50","date_gmt":"2024-07-04T08:23:50","guid":{"rendered":"https:\/\/ucie.ific.uv.es\/ucie\/?post_type=tribe_events&#038;p=8606"},"modified":"2024-07-04T08:23:50","modified_gmt":"2024-07-04T08:23:50","slug":"vi-premios-repcv-2024","status":"publish","type":"tribe_events","link":"https:\/\/ucie.ific.uv.es\/ucie\/evento\/vi-premios-repcv-2024\/","title":{"rendered":"VI Premios rePCV 2024"},"content":{"rendered":"<p>En este evento se premiar\u00e1n las iniciativas de investigaci\u00f3n, innovaci\u00f3n y emprendimiento vinculadas a las universidades p\u00fablicas valencianas Posteriormente, Juan Jos\u00e9 Cort\u00e9s, director general de Innovaci\u00f3n y Ester Olivas, directora general de Emprendimiento e Internacionalizaci\u00f3n de la GVA presentar\u00e1n las nuevas l\u00edneas IVACE+i para empresas y en materia de innovaci\u00f3n. El acto contar\u00e1 tambi\u00e9n con una ponencia de Mayte Bacete, directora de Maxlinear Hispania y presidenta del Valencia Silicon Cluster. Mayte expondr\u00e1 en primera persona el caso de \u00e9xito de colaboraci\u00f3n entre la universidad y la empresa. Adem\u00e1s, la agenda de la gala incluye la actuaci\u00f3n de Francisco Pedroche, investigador del Instituto Universitario de Matem\u00e1tica Multidisciplinar (IMM) y ganador del I Certamen de Mon\u00f3logos Cient\u00edficos UPV.<\/p>\n","protected":false},"excerpt":{"rendered":"<p>En este evento se premiar\u00e1n las iniciativas de investigaci\u00f3n, innovaci\u00f3n y emprendimiento vinculadas a las universidades p\u00fablicas valencianas Posteriormente, Juan Jos\u00e9 Cort\u00e9s, director general de Innovaci\u00f3n y Ester Olivas, directora [&hellip;]<\/p>\n","protected":false},"author":6,"featured_media":8607,"comment_status":"open","ping_status":"closed","template":"","meta":{"_monsterinsights_skip_tracking":false,"_monsterinsights_sitenote_active":false,"_monsterinsights_sitenote_note":"","_monsterinsights_sitenote_category":0,"_tribe_events_status":"","_tribe_events_status_reason":""},"tags":[],"tribe_events_cat":[235],"acf":[],"_links":{"self":[{"href":"https:\/\/ucie.ific.uv.es\/ucie\/wp-json\/wp\/v2\/tribe_events\/8606"}],"collection":[{"href":"https:\/\/ucie.ific.uv.es\/ucie\/wp-json\/wp\/v2\/tribe_events"}],"about":[{"href":"https:\/\/ucie.ific.uv.es\/ucie\/wp-json\/wp\/v2\/types\/tribe_events"}],"author":[{"embeddable":true,"href":"https:\/\/ucie.ific.uv.es\/ucie\/wp-json\/wp\/v2\/users\/6"}],"replies":[{"embeddable":true,"href":"https:\/\/ucie.ific.uv.es\/ucie\/wp-json\/wp\/v2\/comments?post=8606"}],"version-history":[{"count":1,"href":"https:\/\/ucie.ific.uv.es\/ucie\/wp-json\/wp\/v2\/tribe_events\/8606\/revisions"}],"predecessor-version":[{"id":8608,"href":"https:\/\/ucie.ific.uv.es\/ucie\/wp-json\/wp\/v2\/tribe_events\/8606\/revisions\/8608"}],"wp:featuredmedia":[{"embeddable":true,"href":"https:\/\/ucie.ific.uv.es\/ucie\/wp-json\/wp\/v2\/media\/8607"}],"wp:attachment":[{"href":"https:\/\/ucie.ific.uv.es\/ucie\/wp-json\/wp\/v2\/media?parent=8606"}],"wp:term":[{"taxonomy":"post_tag","embeddable":true,"href":"https:\/\/ucie.ific.uv.es\/ucie\/wp-json\/wp\/v2\/tags?post=8606"},{"taxonomy":"tribe_events_cat","embeddable":true,"href":"https:\/\/ucie.ific.uv.es\/ucie\/wp-json\/wp\/v2\/tribe_events_cat?post=8606"}],"curies":[{"name":"wp","href":"https:\/\/api.w.org\/{rel}","templated":true}]}}

<p>En este evento se premiarán las iniciativas de investigación, innovación y emprendimiento vinculadas a las universidades públicas valencianas Posteriormente, Juan José Cortés, director general de Innovación y Ester Olivas, directora general de Emprendimiento e Internacionalización de la GVA presentarán las nuevas líneas IVACE+i para empresas y en materia de innovación. El acto contará también con una ponencia de Mayte Bacete, directora de Maxlinear Hispania y presidenta del Valencia Silicon Cluster. Mayte expondrá en primera persona el caso de éxito de colaboración entre la universidad y la empresa. Además, la agenda de la gala incluye la actuación de Francisco Pedroche, investigador del Instituto Universitario de Matemática Multidisciplinar (IMM) y ganador del I Certamen de Monólogos Científicos UPV.</p>

<p>En este evento se premiarán las iniciativas de investigación, innovación y emprendimiento vinculadas a las universidades públicas valencianas Posteriormente, Juan José Cortés, director general de Innovación y Ester Olivas, directora [&hellip;]</p>
