{"id":8673,"date":"2024-09-19T08:58:13","date_gmt":"2024-09-19T08:58:13","guid":{"rendered":"https:\/\/ucie.ific.uv.es\/ucie\/?post_type=tribe_events&#038;p=8673"},"modified":"2024-09-19T08:58:13","modified_gmt":"2024-09-19T08:58:13","slug":"expoinnova-2024","status":"publish","type":"tribe_events","link":"https:\/\/ucie.ific.uv.es\/ucie\/evento\/expoinnova-2024\/","title":{"rendered":"EXPOINNOVA 2024"},"content":{"rendered":"<p>V edici\u00f3n de EXPOINNOVA, una de las grandes citas de la divulgaci\u00f3n de la ciencia y la innovaci\u00f3n que se desarrollan en el Parc Cient\u00edfic de la Universitat de Val\u00e8ncia (PCUV) para despertar el inter\u00e9s y las vocaciones por las carreras cient\u00edfico-t\u00e9cnicas.<\/p>\n","protected":false},"excerpt":{"rendered":"<p>V edici\u00f3n de EXPOINNOVA, una de las grandes citas de la divulgaci\u00f3n de la ciencia y la innovaci\u00f3n que se desarrollan en el Parc Cient\u00edfic de la Universitat de Val\u00e8ncia [&hellip;]<\/p>\n","protected":false},"author":6,"featured_media":8674,"comment_status":"open","ping_status":"closed","template":"","meta":{"_monsterinsights_skip_tracking":false,"_monsterinsights_sitenote_active":false,"_monsterinsights_sitenote_note":"","_monsterinsights_sitenote_category":0,"_tribe_events_status":"","_tribe_events_status_reason":""},"tags":[],"tribe_events_cat":[195],"acf":[],"_links":{"self":[{"href":"https:\/\/ucie.ific.uv.es\/ucie\/wp-json\/wp\/v2\/tribe_events\/8673"}],"collection":[{"href":"https:\/\/ucie.ific.uv.es\/ucie\/wp-json\/wp\/v2\/tribe_events"}],"about":[{"href":"https:\/\/ucie.ific.uv.es\/ucie\/wp-json\/wp\/v2\/types\/tribe_events"}],"author":[{"embeddable":true,"href":"https:\/\/ucie.ific.uv.es\/ucie\/wp-json\/wp\/v2\/users\/6"}],"replies":[{"embeddable":true,"href":"https:\/\/ucie.ific.uv.es\/ucie\/wp-json\/wp\/v2\/comments?post=8673"}],"version-history":[{"count":1,"href":"https:\/\/ucie.ific.uv.es\/ucie\/wp-json\/wp\/v2\/tribe_events\/8673\/revisions"}],"predecessor-version":[{"id":8675,"href":"https:\/\/ucie.ific.uv.es\/ucie\/wp-json\/wp\/v2\/tribe_events\/8673\/revisions\/8675"}],"wp:featuredmedia":[{"embeddable":true,"href":"https:\/\/ucie.ific.uv.es\/ucie\/wp-json\/wp\/v2\/media\/8674"}],"wp:attachment":[{"href":"https:\/\/ucie.ific.uv.es\/ucie\/wp-json\/wp\/v2\/media?parent=8673"}],"wp:term":[{"taxonomy":"post_tag","embeddable":true,"href":"https:\/\/ucie.ific.uv.es\/ucie\/wp-json\/wp\/v2\/tags?post=8673"},{"taxonomy":"tribe_events_cat","embeddable":true,"href":"https:\/\/ucie.ific.uv.es\/ucie\/wp-json\/wp\/v2\/tribe_events_cat?post=8673"}],"curies":[{"name":"wp","href":"https:\/\/api.w.org\/{rel}","templated":true}]}}

<p>V edición de EXPOINNOVA, una de las grandes citas de la divulgación de la ciencia y la innovación que se desarrollan en el Parc Científic de la Universitat de València (PCUV) para despertar el interés y las vocaciones por las carreras científico-técnicas.</p>

<p>V edición de EXPOINNOVA, una de las grandes citas de la divulgación de la ciencia y la innovación que se desarrollan en el Parc Científic de la Universitat de València [&hellip;]</p>
