{"id":8705,"date":"2024-10-15T10:53:33","date_gmt":"2024-10-15T10:53:33","guid":{"rendered":"https:\/\/ucie.ific.uv.es\/ucie\/?post_type=tribe_events&#038;p=8705"},"modified":"2024-10-15T10:53:33","modified_gmt":"2024-10-15T10:53:33","slug":"jornada-anual-de-promocion-del-programa-marco-europeo-de-idi","status":"publish","type":"tribe_events","link":"https:\/\/ucie.ific.uv.es\/ucie\/evento\/jornada-anual-de-promocion-del-programa-marco-europeo-de-idi\/","title":{"rendered":"Jornada Anual de Promoci\u00f3n del Programa Marco Europeo de I+D+I"},"content":{"rendered":"<p>La Secci\u00f3n de I+D+I Internacional del Servicio de Transferencia e Innovaci\u00f3n organiza su jornada anual de promoci\u00f3n del programa marco europeo de investigaci\u00f3n e innovaci\u00f3n, Horizonte Europa, que se celebrar\u00e1 el mi\u00e9rcoles 23 de octubre de 2024 de 9 a 14 h. en el Sal\u00f3n de Actos (3er piso) del Edificio de Rectorado de la Universitat de Val\u00e8ncia. La jornada se centrar\u00e1 en el Pilar II del programa \u201cRetos Globales\u201d, con una atenci\u00f3n especial a las Misiones y Partenariados de Horizonte Europa (2021-2027).<\/p>\n","protected":false},"excerpt":{"rendered":"<p>La Secci\u00f3n de I+D+I Internacional del Servicio de Transferencia e Innovaci\u00f3n organiza su jornada anual de promoci\u00f3n del programa marco europeo de investigaci\u00f3n e innovaci\u00f3n, Horizonte Europa, que se celebrar\u00e1 [&hellip;]<\/p>\n","protected":false},"author":6,"featured_media":8706,"comment_status":"open","ping_status":"closed","template":"","meta":{"_monsterinsights_skip_tracking":false,"_monsterinsights_sitenote_active":false,"_monsterinsights_sitenote_note":"","_monsterinsights_sitenote_category":0,"_tribe_events_status":"","_tribe_events_status_reason":""},"tags":[],"tribe_events_cat":[234],"acf":[],"_links":{"self":[{"href":"https:\/\/ucie.ific.uv.es\/ucie\/wp-json\/wp\/v2\/tribe_events\/8705"}],"collection":[{"href":"https:\/\/ucie.ific.uv.es\/ucie\/wp-json\/wp\/v2\/tribe_events"}],"about":[{"href":"https:\/\/ucie.ific.uv.es\/ucie\/wp-json\/wp\/v2\/types\/tribe_events"}],"author":[{"embeddable":true,"href":"https:\/\/ucie.ific.uv.es\/ucie\/wp-json\/wp\/v2\/users\/6"}],"replies":[{"embeddable":true,"href":"https:\/\/ucie.ific.uv.es\/ucie\/wp-json\/wp\/v2\/comments?post=8705"}],"version-history":[{"count":1,"href":"https:\/\/ucie.ific.uv.es\/ucie\/wp-json\/wp\/v2\/tribe_events\/8705\/revisions"}],"predecessor-version":[{"id":8707,"href":"https:\/\/ucie.ific.uv.es\/ucie\/wp-json\/wp\/v2\/tribe_events\/8705\/revisions\/8707"}],"wp:featuredmedia":[{"embeddable":true,"href":"https:\/\/ucie.ific.uv.es\/ucie\/wp-json\/wp\/v2\/media\/8706"}],"wp:attachment":[{"href":"https:\/\/ucie.ific.uv.es\/ucie\/wp-json\/wp\/v2\/media?parent=8705"}],"wp:term":[{"taxonomy":"post_tag","embeddable":true,"href":"https:\/\/ucie.ific.uv.es\/ucie\/wp-json\/wp\/v2\/tags?post=8705"},{"taxonomy":"tribe_events_cat","embeddable":true,"href":"https:\/\/ucie.ific.uv.es\/ucie\/wp-json\/wp\/v2\/tribe_events_cat?post=8705"}],"curies":[{"name":"wp","href":"https:\/\/api.w.org\/{rel}","templated":true}]}}

Jornada Anual de Promoción del Programa Marco Europeo de I+D+I

<p>La Sección de I+D+I Internacional del Servicio de Transferencia e Innovación organiza su jornada anual de promoción del programa marco europeo de investigación e innovación, Horizonte Europa, que se celebrará el miércoles 23 de octubre de 2024 de 9 a 14 h. en el Salón de Actos (3er piso) del Edificio de Rectorado de la Universitat de València. La jornada se centrará en el Pilar II del programa “Retos Globales”, con una atención especial a las Misiones y Partenariados de Horizonte Europa (2021-2027).</p>

<p>La Sección de I+D+I Internacional del Servicio de Transferencia e Innovación organiza su jornada anual de promoción del programa marco europeo de investigación e innovación, Horizonte Europa, que se celebrará [&hellip;]</p>
