{"id":8708,"date":"2024-10-16T08:06:48","date_gmt":"2024-10-16T08:06:48","guid":{"rendered":"https:\/\/ucie.ific.uv.es\/ucie\/?post_type=tribe_events&#038;p=8708"},"modified":"2024-12-23T15:09:36","modified_gmt":"2024-12-23T15:09:36","slug":"cvi-health-day","status":"publish","type":"tribe_events","link":"https:\/\/ucie.ific.uv.es\/ucie\/evento\/cvi-health-day\/","title":{"rendered":"CV+i Health Day"},"content":{"rendered":"<p>Un encuentro que concentrar\u00e1 a los <strong>principales agentes del ecosistema regional<\/strong>, en una apuesta dirigida a facilitar su conexi\u00f3n y a acelerar la innovaci\u00f3n. Hablaremos de medicina personalizada, diagn\u00f3stico, terapias avanzadas, TIC salud, producto sanitario, microbioma, y mucho m\u00e1s\u2026<\/p>\n","protected":false},"excerpt":{"rendered":"<p>Un encuentro que concentrar\u00e1 a los principales agentes del ecosistema regional, en una apuesta dirigida a facilitar su conexi\u00f3n y a acelerar la innovaci\u00f3n. Hablaremos de medicina personalizada, diagn\u00f3stico, terapias [&hellip;]<\/p>\n","protected":false},"author":6,"featured_media":8764,"comment_status":"open","ping_status":"closed","template":"","meta":{"_monsterinsights_skip_tracking":false,"_monsterinsights_sitenote_active":false,"_monsterinsights_sitenote_note":"","_monsterinsights_sitenote_category":0,"_tribe_events_status":"","_tribe_events_status_reason":""},"tags":[],"tribe_events_cat":[23],"acf":[],"_links":{"self":[{"href":"https:\/\/ucie.ific.uv.es\/ucie\/wp-json\/wp\/v2\/tribe_events\/8708"}],"collection":[{"href":"https:\/\/ucie.ific.uv.es\/ucie\/wp-json\/wp\/v2\/tribe_events"}],"about":[{"href":"https:\/\/ucie.ific.uv.es\/ucie\/wp-json\/wp\/v2\/types\/tribe_events"}],"author":[{"embeddable":true,"href":"https:\/\/ucie.ific.uv.es\/ucie\/wp-json\/wp\/v2\/users\/6"}],"replies":[{"embeddable":true,"href":"https:\/\/ucie.ific.uv.es\/ucie\/wp-json\/wp\/v2\/comments?post=8708"}],"version-history":[{"count":1,"href":"https:\/\/ucie.ific.uv.es\/ucie\/wp-json\/wp\/v2\/tribe_events\/8708\/revisions"}],"predecessor-version":[{"id":8711,"href":"https:\/\/ucie.ific.uv.es\/ucie\/wp-json\/wp\/v2\/tribe_events\/8708\/revisions\/8711"}],"wp:featuredmedia":[{"embeddable":true,"href":"https:\/\/ucie.ific.uv.es\/ucie\/wp-json\/wp\/v2\/media\/8764"}],"wp:attachment":[{"href":"https:\/\/ucie.ific.uv.es\/ucie\/wp-json\/wp\/v2\/media?parent=8708"}],"wp:term":[{"taxonomy":"post_tag","embeddable":true,"href":"https:\/\/ucie.ific.uv.es\/ucie\/wp-json\/wp\/v2\/tags?post=8708"},{"taxonomy":"tribe_events_cat","embeddable":true,"href":"https:\/\/ucie.ific.uv.es\/ucie\/wp-json\/wp\/v2\/tribe_events_cat?post=8708"}],"curies":[{"name":"wp","href":"https:\/\/api.w.org\/{rel}","templated":true}]}}

<p>Un encuentro que concentrará a los <strong>principales agentes del ecosistema regional</strong>, en una apuesta dirigida a facilitar su conexión y a acelerar la innovación. Hablaremos de medicina personalizada, diagnóstico, terapias avanzadas, TIC salud, producto sanitario, microbioma, y mucho más…</p>

<p>Un encuentro que concentrará a los principales agentes del ecosistema regional, en una apuesta dirigida a facilitar su conexión y a acelerar la innovación. Hablaremos de medicina personalizada, diagnóstico, terapias [&hellip;]</p>
