{"id":8712,"date":"2024-10-17T06:27:40","date_gmt":"2024-10-17T06:27:40","guid":{"rendered":"https:\/\/ucie.ific.uv.es\/ucie\/?post_type=tribe_events&#038;p=8712"},"modified":"2024-10-17T06:27:40","modified_gmt":"2024-10-17T06:27:40","slug":"european-congress-on-medical-physics","status":"publish","type":"tribe_events","link":"https:\/\/ucie.ific.uv.es\/ucie\/evento\/european-congress-on-medical-physics\/","title":{"rendered":"European Congress on Medical Physics"},"content":{"rendered":"<p>La EFOMP est\u00e1 avanzando con la preparaci\u00f3n del <strong>ECMP 2026<\/strong>, que tendr\u00e1 lugar del <strong>23 al 26 de septiembre de 2026 en Valencia<\/strong>.\u00a0<span lang=\"EN-GB\">El tema del Congreso ser\u00e1 \u201c<strong>Advancing Healthcare through Physics: Bridging Science and Patient Care for a Sustainable Future<\/strong>\u201d.\u00a0<\/span>Como ya sab\u00e9is, este congreso ser\u00e1 muy especial porque lo realizaremos en Espa\u00f1a con lo que esperamos que sea todo un \u00e9xito de participaci\u00f3n.<\/p>\n","protected":false},"excerpt":{"rendered":"<p>La EFOMP est\u00e1 avanzando con la preparaci\u00f3n del ECMP 2026, que tendr\u00e1 lugar del 23 al 26 de septiembre de 2026 en Valencia.\u00a0El tema del Congreso ser\u00e1 \u201cAdvancing Healthcare through [&hellip;]<\/p>\n","protected":false},"author":6,"featured_media":8713,"comment_status":"open","ping_status":"closed","template":"","meta":{"_monsterinsights_skip_tracking":false,"_monsterinsights_sitenote_active":false,"_monsterinsights_sitenote_note":"","_monsterinsights_sitenote_category":0,"_tribe_events_status":"","_tribe_events_status_reason":""},"tags":[],"tribe_events_cat":[],"acf":[],"_links":{"self":[{"href":"https:\/\/ucie.ific.uv.es\/ucie\/wp-json\/wp\/v2\/tribe_events\/8712"}],"collection":[{"href":"https:\/\/ucie.ific.uv.es\/ucie\/wp-json\/wp\/v2\/tribe_events"}],"about":[{"href":"https:\/\/ucie.ific.uv.es\/ucie\/wp-json\/wp\/v2\/types\/tribe_events"}],"author":[{"embeddable":true,"href":"https:\/\/ucie.ific.uv.es\/ucie\/wp-json\/wp\/v2\/users\/6"}],"replies":[{"embeddable":true,"href":"https:\/\/ucie.ific.uv.es\/ucie\/wp-json\/wp\/v2\/comments?post=8712"}],"version-history":[{"count":1,"href":"https:\/\/ucie.ific.uv.es\/ucie\/wp-json\/wp\/v2\/tribe_events\/8712\/revisions"}],"predecessor-version":[{"id":8715,"href":"https:\/\/ucie.ific.uv.es\/ucie\/wp-json\/wp\/v2\/tribe_events\/8712\/revisions\/8715"}],"wp:featuredmedia":[{"embeddable":true,"href":"https:\/\/ucie.ific.uv.es\/ucie\/wp-json\/wp\/v2\/media\/8713"}],"wp:attachment":[{"href":"https:\/\/ucie.ific.uv.es\/ucie\/wp-json\/wp\/v2\/media?parent=8712"}],"wp:term":[{"taxonomy":"post_tag","embeddable":true,"href":"https:\/\/ucie.ific.uv.es\/ucie\/wp-json\/wp\/v2\/tags?post=8712"},{"taxonomy":"tribe_events_cat","embeddable":true,"href":"https:\/\/ucie.ific.uv.es\/ucie\/wp-json\/wp\/v2\/tribe_events_cat?post=8712"}],"curies":[{"name":"wp","href":"https:\/\/api.w.org\/{rel}","templated":true}]}}

<p>La EFOMP está avanzando con la preparación del <strong>ECMP 2026</strong>, que tendrá lugar del <strong>23 al 26 de septiembre de 2026 en Valencia</strong>. <span lang="EN-GB">El tema del Congreso será “<strong>Advancing Healthcare through Physics: Bridging Science and Patient Care for a Sustainable Future</strong>”. </span>Como ya sabéis, este congreso será muy especial porque lo realizaremos en España con lo que esperamos que sea todo un éxito de participación.</p>

<p>La EFOMP está avanzando con la preparación del ECMP 2026, que tendrá lugar del 23 al 26 de septiembre de 2026 en Valencia. El tema del Congreso será “Advancing Healthcare through [&hellip;]</p>
