{"id":8742,"date":"2024-11-28T11:34:40","date_gmt":"2024-11-28T11:34:40","guid":{"rendered":"https:\/\/ucie.ific.uv.es\/ucie\/?post_type=tribe_events&#038;p=8742"},"modified":"2024-11-28T11:34:40","modified_gmt":"2024-11-28T11:34:40","slug":"jaima-2024-medicina-nuclear-imagen-molecular-y-la-teragnostica","status":"publish","type":"tribe_events","link":"https:\/\/ucie.ific.uv.es\/ucie\/evento\/jaima-2024-medicina-nuclear-imagen-molecular-y-la-teragnostica\/","title":{"rendered":"JAIMA 2024: Medicina Nuclear, Imagen Molecular y la Teragn\u00f3stica"},"content":{"rendered":"<p><strong>JAIMA<\/strong> naci\u00f3 en 2013 con el fin de concienciar a la poblaci\u00f3n sobre la importancia de la imagen, el papel del radi\u00f3logo y del m\u00e9dico nuclear, y las aportaciones tecnol\u00f3gicas que se implementan y realizan continuamente al servicio del paciente. El pr\u00f3ximo 16 de diciembre se celebrar\u00e1 en el sal\u00f3n de actos del <strong>Hospital la Fe<\/strong> la edici\u00f3n de 2024, centrada en la <strong>Imagen M\u00e9dica, Imagen Molecular y Teragn\u00f3stica<\/strong>.<\/p>\n","protected":false},"excerpt":{"rendered":"<p>JAIMA naci\u00f3 en 2013 con el fin de concienciar a la poblaci\u00f3n sobre la importancia de la imagen, el papel del radi\u00f3logo y del m\u00e9dico nuclear, y las aportaciones tecnol\u00f3gicas [&hellip;]<\/p>\n","protected":false},"author":6,"featured_media":8743,"comment_status":"open","ping_status":"closed","template":"","meta":{"_monsterinsights_skip_tracking":false,"_monsterinsights_sitenote_active":false,"_monsterinsights_sitenote_note":"","_monsterinsights_sitenote_category":0,"_tribe_events_status":"","_tribe_events_status_reason":""},"tags":[],"tribe_events_cat":[23],"acf":[],"_links":{"self":[{"href":"https:\/\/ucie.ific.uv.es\/ucie\/wp-json\/wp\/v2\/tribe_events\/8742"}],"collection":[{"href":"https:\/\/ucie.ific.uv.es\/ucie\/wp-json\/wp\/v2\/tribe_events"}],"about":[{"href":"https:\/\/ucie.ific.uv.es\/ucie\/wp-json\/wp\/v2\/types\/tribe_events"}],"author":[{"embeddable":true,"href":"https:\/\/ucie.ific.uv.es\/ucie\/wp-json\/wp\/v2\/users\/6"}],"replies":[{"embeddable":true,"href":"https:\/\/ucie.ific.uv.es\/ucie\/wp-json\/wp\/v2\/comments?post=8742"}],"version-history":[{"count":1,"href":"https:\/\/ucie.ific.uv.es\/ucie\/wp-json\/wp\/v2\/tribe_events\/8742\/revisions"}],"predecessor-version":[{"id":8746,"href":"https:\/\/ucie.ific.uv.es\/ucie\/wp-json\/wp\/v2\/tribe_events\/8742\/revisions\/8746"}],"wp:featuredmedia":[{"embeddable":true,"href":"https:\/\/ucie.ific.uv.es\/ucie\/wp-json\/wp\/v2\/media\/8743"}],"wp:attachment":[{"href":"https:\/\/ucie.ific.uv.es\/ucie\/wp-json\/wp\/v2\/media?parent=8742"}],"wp:term":[{"taxonomy":"post_tag","embeddable":true,"href":"https:\/\/ucie.ific.uv.es\/ucie\/wp-json\/wp\/v2\/tags?post=8742"},{"taxonomy":"tribe_events_cat","embeddable":true,"href":"https:\/\/ucie.ific.uv.es\/ucie\/wp-json\/wp\/v2\/tribe_events_cat?post=8742"}],"curies":[{"name":"wp","href":"https:\/\/api.w.org\/{rel}","templated":true}]}}

JAIMA 2024: Medicina Nuclear, Imagen Molecular y la Teragnóstica

<p><strong>JAIMA</strong> nació en 2013 con el fin de concienciar a la población sobre la importancia de la imagen, el papel del radiólogo y del médico nuclear, y las aportaciones tecnológicas que se implementan y realizan continuamente al servicio del paciente. El próximo 16 de diciembre se celebrará en el salón de actos del <strong>Hospital la Fe</strong> la edición de 2024, centrada en la <strong>Imagen Médica, Imagen Molecular y Teragnóstica</strong>.</p>

<p>JAIMA nació en 2013 con el fin de concienciar a la población sobre la importancia de la imagen, el papel del radiólogo y del médico nuclear, y las aportaciones tecnológicas [&hellip;]</p>
