{"id":8801,"date":"2025-01-20T11:49:51","date_gmt":"2025-01-20T11:49:51","guid":{"rendered":"https:\/\/ucie.ific.uv.es\/ucie\/?post_type=tribe_events&#038;p=8801"},"modified":"2025-01-20T11:49:51","modified_gmt":"2025-01-20T11:49:51","slug":"transfiere-2025","status":"publish","type":"tribe_events","link":"https:\/\/ucie.ific.uv.es\/ucie\/evento\/transfiere-2025\/","title":{"rendered":"Transfiere 2025"},"content":{"rendered":"<p>El mayor evento europeo sobre I+D+i y transferencia de conocimiento<\/p>\n<p>Transfiere conecta a todo el sistema espa\u00f1ol de innovaci\u00f3n e impulsa su proyecci\u00f3n internacional. Talento, desarrollo cient\u00edfico-tecnol\u00f3gico, acceso a la inversi\u00f3n y negocio en un encuentro de alto potencial para generar alianzas y sinergias globales.<\/p>\n","protected":false},"excerpt":{"rendered":"<p>El mayor evento europeo sobre I+D+i y transferencia de conocimiento Transfiere conecta a todo el sistema espa\u00f1ol de innovaci\u00f3n e impulsa su proyecci\u00f3n internacional. Talento, desarrollo cient\u00edfico-tecnol\u00f3gico, acceso a la [&hellip;]<\/p>\n","protected":false},"author":6,"featured_media":8802,"comment_status":"open","ping_status":"closed","template":"","meta":{"_monsterinsights_skip_tracking":false,"_monsterinsights_sitenote_active":false,"_monsterinsights_sitenote_note":"","_monsterinsights_sitenote_category":0,"_tribe_events_status":"","_tribe_events_status_reason":""},"tags":[],"tribe_events_cat":[19],"acf":[],"_links":{"self":[{"href":"https:\/\/ucie.ific.uv.es\/ucie\/wp-json\/wp\/v2\/tribe_events\/8801"}],"collection":[{"href":"https:\/\/ucie.ific.uv.es\/ucie\/wp-json\/wp\/v2\/tribe_events"}],"about":[{"href":"https:\/\/ucie.ific.uv.es\/ucie\/wp-json\/wp\/v2\/types\/tribe_events"}],"author":[{"embeddable":true,"href":"https:\/\/ucie.ific.uv.es\/ucie\/wp-json\/wp\/v2\/users\/6"}],"replies":[{"embeddable":true,"href":"https:\/\/ucie.ific.uv.es\/ucie\/wp-json\/wp\/v2\/comments?post=8801"}],"version-history":[{"count":1,"href":"https:\/\/ucie.ific.uv.es\/ucie\/wp-json\/wp\/v2\/tribe_events\/8801\/revisions"}],"predecessor-version":[{"id":8803,"href":"https:\/\/ucie.ific.uv.es\/ucie\/wp-json\/wp\/v2\/tribe_events\/8801\/revisions\/8803"}],"wp:featuredmedia":[{"embeddable":true,"href":"https:\/\/ucie.ific.uv.es\/ucie\/wp-json\/wp\/v2\/media\/8802"}],"wp:attachment":[{"href":"https:\/\/ucie.ific.uv.es\/ucie\/wp-json\/wp\/v2\/media?parent=8801"}],"wp:term":[{"taxonomy":"post_tag","embeddable":true,"href":"https:\/\/ucie.ific.uv.es\/ucie\/wp-json\/wp\/v2\/tags?post=8801"},{"taxonomy":"tribe_events_cat","embeddable":true,"href":"https:\/\/ucie.ific.uv.es\/ucie\/wp-json\/wp\/v2\/tribe_events_cat?post=8801"}],"curies":[{"name":"wp","href":"https:\/\/api.w.org\/{rel}","templated":true}]}}

<p>El mayor evento europeo sobre I+D+i y transferencia de conocimiento</p>
<p>Transfiere conecta a todo el sistema español de innovación e impulsa su proyección internacional. Talento, desarrollo científico-tecnológico, acceso a la inversión y negocio en un encuentro de alto potencial para generar alianzas y sinergias globales.</p>

<p>El mayor evento europeo sobre I+D+i y transferencia de conocimiento Transfiere conecta a todo el sistema español de innovación e impulsa su proyección internacional. Talento, desarrollo científico-tecnológico, acceso a la [&hellip;]</p>
