{"id":8964,"date":"2025-09-24T07:59:09","date_gmt":"2025-09-24T07:59:09","guid":{"rendered":"https:\/\/ucie.ific.uv.es\/ucie\/?post_type=tribe_events&#038;p=8964"},"modified":"2025-09-24T07:59:09","modified_gmt":"2025-09-24T07:59:09","slug":"redit-summit-2025","status":"publish","type":"tribe_events","link":"https:\/\/ucie.ific.uv.es\/ucie\/evento\/redit-summit-2025\/","title":{"rendered":"REDIT SUMMIT 2025"},"content":{"rendered":"<p>REDIT Summit, iniciativa de REDIT con el apoyo del IVACE+i, procesa el conocimiento disponible a nivel global en las \u00e1reas de inter\u00e9s de los componentes de la red para aportar las claves en la toma de decisiones desde el punto de vista cient\u00edfico-t\u00e9cnico, econ\u00f3mico, pol\u00edtico y social.<\/p>\n<p>Concentrado en una \u00fanica ma\u00f1ana, este congreso es una oportunidad \u00fanica para promover la colaboraci\u00f3n entre centros de investigaci\u00f3n, empresas e instituciones por la v\u00eda del conocimiento.<\/p>\n","protected":false},"excerpt":{"rendered":"<p>REDIT Summit, iniciativa de REDIT con el apoyo del IVACE+i, procesa el conocimiento disponible a nivel global en las \u00e1reas de inter\u00e9s de los componentes de la red para aportar [&hellip;]<\/p>\n","protected":false},"author":6,"featured_media":8965,"comment_status":"open","ping_status":"closed","template":"","meta":{"_monsterinsights_skip_tracking":false,"_monsterinsights_sitenote_active":false,"_monsterinsights_sitenote_note":"","_monsterinsights_sitenote_category":0,"_tribe_events_status":"","_tribe_events_status_reason":""},"tags":[],"tribe_events_cat":[],"acf":[],"_links":{"self":[{"href":"https:\/\/ucie.ific.uv.es\/ucie\/wp-json\/wp\/v2\/tribe_events\/8964"}],"collection":[{"href":"https:\/\/ucie.ific.uv.es\/ucie\/wp-json\/wp\/v2\/tribe_events"}],"about":[{"href":"https:\/\/ucie.ific.uv.es\/ucie\/wp-json\/wp\/v2\/types\/tribe_events"}],"author":[{"embeddable":true,"href":"https:\/\/ucie.ific.uv.es\/ucie\/wp-json\/wp\/v2\/users\/6"}],"replies":[{"embeddable":true,"href":"https:\/\/ucie.ific.uv.es\/ucie\/wp-json\/wp\/v2\/comments?post=8964"}],"version-history":[{"count":1,"href":"https:\/\/ucie.ific.uv.es\/ucie\/wp-json\/wp\/v2\/tribe_events\/8964\/revisions"}],"predecessor-version":[{"id":8966,"href":"https:\/\/ucie.ific.uv.es\/ucie\/wp-json\/wp\/v2\/tribe_events\/8964\/revisions\/8966"}],"wp:featuredmedia":[{"embeddable":true,"href":"https:\/\/ucie.ific.uv.es\/ucie\/wp-json\/wp\/v2\/media\/8965"}],"wp:attachment":[{"href":"https:\/\/ucie.ific.uv.es\/ucie\/wp-json\/wp\/v2\/media?parent=8964"}],"wp:term":[{"taxonomy":"post_tag","embeddable":true,"href":"https:\/\/ucie.ific.uv.es\/ucie\/wp-json\/wp\/v2\/tags?post=8964"},{"taxonomy":"tribe_events_cat","embeddable":true,"href":"https:\/\/ucie.ific.uv.es\/ucie\/wp-json\/wp\/v2\/tribe_events_cat?post=8964"}],"curies":[{"name":"wp","href":"https:\/\/api.w.org\/{rel}","templated":true}]}}

<p>REDIT Summit, iniciativa de REDIT con el apoyo del IVACE+i, procesa el conocimiento disponible a nivel global en las áreas de interés de los componentes de la red para aportar las claves en la toma de decisiones desde el punto de vista científico-técnico, económico, político y social.</p>
<p>Concentrado en una única mañana, este congreso es una oportunidad única para promover la colaboración entre centros de investigación, empresas e instituciones por la vía del conocimiento.</p>

<p>REDIT Summit, iniciativa de REDIT con el apoyo del IVACE+i, procesa el conocimiento disponible a nivel global en las áreas de interés de los componentes de la red para aportar [&hellip;]</p>
